f. Suppose 8 = w*g - 11*g. Suppose 0*p + 1 = p, -1436 = -h + g*p. Is h prime?
False
Is (-9 - -4) + (140255 - -6 - -7) a composite number?
False
Let w(l) = -l**3 - 16*l**2 - 16*l + 22. Let g be w(-15). Let n = g + -37. Suppose n = s - 11*s + 11190. Is s prime?
False
Let w = 3553 + 42646. Is w prime?
True
Let k = -747 + 763. Suppose -11*j + k*j = -20, 5*r = -2*j + 215427. Is r a composite number?
True
Let a(c) = -3*c**3 - 87*c**2 + 72*c + 185. Is a(-43) a composite number?
False
Let l(j) = -j**2 + 43*j - 238. Let g be l(36). Is (2768/(-32))/((-1)/g) a prime number?
False
Let z = -1377 + 1381. Let i(s) = 3*s**2 + s - 2. Let l be i(-2). Is l/(z/(-1)) + 151 a composite number?
False
Is -3 - 292208/(-3) - (-32)/(-12) composite?
False
Suppose 2*x - j - 36 = 0, -3*j + 84 = 4*x - 8*j. Suppose 15828 = x*v - 81244. Is v a composite number?
False
Let g(j) = -1210786*j**3 + 4*j**2 - 6*j - 9. Is g(-1) a composite number?
False
Let v be -17 + 115149 + (-3 + 1 - 1). Suppose 16 = -4*u, u - v = g - 3*u. Is 14/(-18) + 1 + g/(-45) prime?
False
Let m = -2637 + 1415. Let c = 7197 - m. Is c composite?
False
Let r = -15048 + 203011. Is r a composite number?
False
Suppose -5*q - q + 1140 = 0. Suppose 0 = q*y - 185*y - 10. Suppose -2*n + 621 = n - y*s, 5*s = 15. Is n a composite number?
True
Suppose 5*d = -5*s + 2*d + 67, s + 5*d = 31. Suppose s - 47 = 3*r. Is (62/(-3))/((r/171)/2) a prime number?
False
Suppose -2*y = 3*w + 265, -180 = -8*w + 10*w + 2*y. Is (-71)/(3 - (-260)/w) a prime number?
False
Suppose -2 = 2*s + 4*d + 2, 0 = 4*s - 4*d - 16. Let p = 2 + s. Suppose -642 = -2*t - l - p*l, -t + 343 = -3*l. Is t a composite number?
False
Suppose -4*g - 25 = -5*f, 4*f = -2*g + 22 - 2. Suppose g = -3*c + 2*a + 1542, 0 = 4*c + 5*a - 1387 - 692. Suppose -c = -2*t + 302. Is t prime?
True
Suppose 12*w = 52*w + 42*w - 693556. Is w composite?
True
Let k = -1471 + 2307. Let g = 304 + 529. Let i = k + g. Is i a prime number?
True
Suppose 2*d = -2*y + 50, 3*y - 75 = 5*d - 2*d. Suppose 124482 + 122293 = y*f. Is f prime?
True
Let v(x) = -x**2 + 4*x + 2. Let o be v(4). Let w be (-3)/o*(-16)/(-6). Is (-8 - w)/2 - -633 a composite number?
False
Suppose 12*u - 5*u - 77397116 = -85*u. Is u a composite number?
False
Let u be (-1)/((-40)/(-14) + -3). Let q(w) = 2*w**3 + 4*w**2 - 3*w + 6. Let a be q(u). Let b = -460 + a. Is b a prime number?
False
Let m be 3/(-2)*24/4. Is 2 + (-23637)/m - 12/9 composite?
True
Suppose 4087 = 4*d - 3*y, 1628 = d + 5*y + 612. Suppose -25*o + 30*o = 5*t - 1710, -3*t = -2*o - d. Is t a prime number?
True
Let x(d) = 2*d + 34. Let v be x(-18). Let t(n) = -4*n - 3. Let m be t(v). Suppose 1172 = 4*s + o, 3*s - 4*s + m*o + 293 = 0. Is s a composite number?
False
Suppose 0 = 2*q - 5290 + 952. Let d = q + 757. Is (-8)/(-20) + d/10 prime?
True
Let n = -52 + 52. Suppose 3*i + 8 + 22 = n. Is (0 + 5/i)*(-1864)/2 a prime number?
False
Let j(s) = 29*s**2 - s - 17. Suppose -1 = f - 5, 2*k - 120 = -f. Let m = k - 54. Is j(m) composite?
False
Suppose 3*l = -j - 2*j + 11844, 0 = -4*l - 3*j + 15792. Suppose h + 2*u = l, 3*u + 19795 = 5*h + 2*u. Is h a prime number?
False
Let t(x) = -29941*x - 6946. Is t(-21) prime?
False
Let n = -721242 - -1305163. Is n prime?
False
Suppose -p = -5*p + s + 110592, 5*s + 82961 = 3*p. Is p a prime number?
True
Let z = -770 - -71749. Is z a composite number?
False
Let g(w) = 18 + 13*w - 11 - 2*w**3 - 10 + w**3 - 14*w**2 - w**3. Suppose -3*l - 18 - 12 = 0. Is g(l) composite?
False
Is (8/(-12))/((-8)/755340) a prime number?
False
Is 10/(-4)*7/((-420)/561576) composite?
False
Let s(x) = x + 2*x - 12*x + 4*x + 49. Let l be s(9). Is 1513 - (-2)/l*2 a prime number?
False
Suppose 32585 = 9*o - 84563 - 2219. Is o composite?
True
Suppose -11*d + 214 - 170 = 0. Suppose 0 = -d*r + 1748 + 224. Is r a prime number?
False
Is 9 + ((-91)/(-13) - -68667) composite?
False
Is (-8)/24 - 148*4156/(-12) a composite number?
False
Suppose -1531 = 4*i - 5*j, -2*i - 2*j = 2*j + 772. Suppose -45*k - 36700 + 4615 = 0. Let d = i - k. Is d composite?
True
Let t = 2641 + -2268. Is t a prime number?
True
Let b(m) = 2*m**3 + 146*m**2 - 224*m - 321. Is b(-71) a composite number?
False
Let i = -100 - -182. Let b = 70 - i. Is (5212/6)/(b/(-18)) a prime number?
True
Suppose 67*t - 71*t = -8, 2*h - 5*t = 245044. Is h prime?
True
Let l(p) be the second derivative of 5*p**7/168 + p**6/240 - 17*p**5/120 - p**4/3 + 30*p. Let s(m) be the third derivative of l(m). Is s(-7) a prime number?
True
Suppose 81*m - 12688 = -2320. Suppose -274 = -2*h - 0*h. Let a = m + h. Is a a prime number?
False
Let y be -162*(4/(-18) - 0)*3. Let c be y/(-20) + 5 + 37/5. Is c/(2/18*3) a prime number?
False
Suppose -28501 = -10*t + 6*t + 889335. Is t prime?
True
Let a be -6 + 10 + (5 - 9). Let i(c) = 4072*c + 4. Let k be i(2). Suppose a*t + 12*t = k. Is t composite?
True
Let b(d) = -750*d**3 - 3*d**2 - 10*d - 8. Is b(-3) a composite number?
True
Let y = -12220 - -50805. Is y a composite number?
True
Let l(k) = 3*k**3 + 196*k**2 - 44*k - 221. Is l(-60) a composite number?
True
Let h(n) = n**3 + 28*n**2 - 10*n + 10. Let x be h(-19). Suppose x = -92*m + 93*m. Is m a composite number?
False
Let d(p) = 32*p**3 - p**2 + 37*p - 18. Let s(h) = 16*h**3 + 18*h - 9. Let q(j) = 3*d(j) - 5*s(j). Is q(5) composite?
True
Let l be (-28)/(-6) + (-2)/6*-1. Suppose -2*u - 4*y = -6846, l*y = -2*u + 2704 + 4137. Is u a composite number?
False
Let d be 6 + (-2)/2 + 0 + 3. Is ((-270444)/(-6) + d)/2 prime?
True
Suppose -3*r - 32*q + 33*q - 8 = 0, -12 = 3*r + 3*q. Let x(c) = -1056*c - 31. Is x(r) composite?
False
Let v = 13701 - 24509. Let g = v + 26209. Is g a composite number?
False
Let y(w) be the first derivative of -5*w**4/2 + 13*w**3/3 + 14*w**2 - 2*w + 278. Is y(-4) a prime number?
False
Suppose 0 = -2*f + f + 473. Let o = 711 + f. Let a = o - 663. Is a a prime number?
True
Is (3/(6/254))/((-18)/(-306)) a composite number?
True
Let s be (1 + 58/(-10))*(-10)/(-3). Let v be 3/15 + (s/(-20) - 1). Suppose v = 25*m - 23*m - 1418. Is m a composite number?
False
Let j = 3 - -2. Let n(y) = 7*y**3 - 2*y**2 - 14*y + 358. Let u be n(18). Suppose -j*v - b + u = 0, -6*v = -7*v - b + 8054. Is v a prime number?
False
Let v(h) = 20*h**2 + h + 2. Let x be v(-1). Suppose -f - 2*g = -42, 4*f + 3*g - 189 + x = 0. Suppose d - f = 76. Is d composite?
True
Let f(j) = 26986*j**2 - 38*j - 161. Is f(14) prime?
False
Let q(z) = -2*z + 1655. Suppose j - 2*o - 8 = 0, 12 = -2*o - o. Suppose -6*v = -2*v - 2*i, j = -2*v + 3*i. Is q(v) a composite number?
True
Let m(w) = -w**3 + 10*w**2 + 13*w - 18. Let b be m(11). Suppose -22*y + 40086 = -b*y. Is y prime?
False
Suppose -2*s - 5*x + 58124 = 0, 37*s + 87173 = 40*s + x. Suppose 19*d - 17412 = -3*z + 24*d, -4*d = 5*z - s. Is z a prime number?
False
Suppose 969304 + 1060327 = 35*b + 32*b. Is b a composite number?
False
Is 535526 - ((-108)/24)/(6/(-4)) a composite number?
False
Let m(o) be the second derivative of 16*o**4/3 - 5*o**3/6 - 34*o**2 - 16*o. Is m(9) prime?
False
Let d = 249 - 245. Suppose d*z = -3*g + 29817, -2*z + 29820 = 3*g + 3*z. Is g prime?
False
Let k = 19102 - 7905. Is k a composite number?
False
Let p be (-119)/(-14)*-16*2/(-8). Is -103*(-1 + 6 - p) prime?
False
Suppose 0 = 360*y - 371*y + 1078649. Suppose -72238 - y = -19*d. Is d composite?
False
Let r be 4945/23 - 3*1. Suppose 0 = 3*n - 0*n - 2*v - 387, -5*v = 4*n - 493. Let b = r - n. Is b prime?
False
Suppose -h = 3*h - 2*i - 420, 0 = 2*h - 5*i - 210. Suppose -3090 = h*y - 110*y. Suppose -g - 3*n = -y, -2*n + 1261 = 2*g - n. Is g composite?
True
Let w = -139 - -142. Suppose y - 1006 = -w*k, y - 996 = 4*k - 5*k. Is y prime?
True
Let b(v) = -4815*v - 120. Let j be b(-9). Let s = j + -29872. Is s prime?
False
Is (2220/(-16) + -2)*(14 + -522) composite?
True
Suppose 113*j = 114*j - 24889. Is j a prime number?
True
Suppose -3*d = -d - 18. Let m(l) = 3*l + 38*l - l**2 - 8*l - d. Is m(13) a prime number?
True
Suppose -3*n + 5*k = -0*k + 580, -4*n = 2*k + 730. Is (-2 + 4)/(n/187 + 1) a prime number?
False
Let a(q) = -q + 22. Let l be a(20). Suppose -4*w = l*j - 500, 2*j + 349 + 40 = 3*w. Is w prime?
True
Suppose 0*g - 5*g - z + 43558 = 0, 5*g - 5*z = 43570. Let n = g + -4385. Is n a composite number?
False
Let a(p) = p**3 + 78*p**2 + 43*p - 283. Is